 of 76?
False
Is 17 a factor of 3053?
False
Is 30 a factor of 1260?
True
Is 3450 a multiple of 15?
True
Is 7982 a multiple of 308?
False
Does 3 divide 1221?
True
Is 7803 a multiple of 81?
False
Is 2148 a multiple of 10?
False
Is 322 a multiple of 63?
False
Is 1848 a multiple of 8?
True
Is 35 a factor of 10074?
False
Is 1800 a multiple of 2?
True
Does 73 divide 5183?
True
Does 26 divide 2332?
False
Is 2 a factor of 1108?
True
Is 52 a factor of 792?
False
Is 50 a factor of 18750?
True
Is 50 a factor of 6965?
False
Is 8 a factor of 1136?
True
Does 47 divide 1974?
True
Does 19 divide 805?
False
Does 153 divide 3672?
True
Does 16 divide 256?
True
Is 22 a factor of 6622?
True
Does 24 divide 405?
False
Does 127 divide 71567?
False
Is 42 a factor of 10038?
True
Is 12422 a multiple of 55?
False
Does 97 divide 2415?
False
Is 37642 a multiple of 197?
False
Is 697 a multiple of 41?
True
Is 21 a factor of 1617?
True
Is 72 a multiple of 37?
False
Does 55 divide 2035?
True
Does 96 divide 3168?
True
Does 11 divide 1636?
False
Is 7139 a multiple of 22?
False
Is 6076 a multiple of 28?
True
Is 8 a factor of 844?
False
Does 34 divide 30258?
False
Is 14068 a multiple of 210?
False
Is 26 a factor of 7704?
False
Is 25506 a multiple of 153?
False
Is 16879 a multiple of 8?
False
Is 23 a factor of 27553?
False
Does 24 divide 5799?
False
Is 10 a factor of 6420?
True
Is 1386 a multiple of 77?
True
Does 64 divide 1312?
False
Is 1775 a multiple of 47?
False
Does 31 divide 186?
True
Does 12 divide 900?
True
Is 6853 a multiple of 89?
True
Is 70925 a multiple of 114?
False
Is 32 a factor of 7040?
True
Is 27 a factor of 25245?
True
Is 6188 a multiple of 68?
True
Is 24310 a multiple of 26?
True
Is 1490 a multiple of 12?
False
Does 17 divide 4719?
False
Does 146 divide 18686?
False
Is 975 a multiple of 39?
True
Does 71 divide 8648?
False
Does 108 divide 31843?
False
Is 9 a factor of 1652?
False
Does 15 divide 29863?
False
Is 7018 a multiple of 11?
True
Does 48 divide 2829?
False
Is 9341 a multiple of 46?
False
Is 1141 a multiple of 92?
False
Is 241 a multiple of 3?
False
Does 63 divide 909?
False
Is 58 a factor of 2888?
False
Does 19 divide 1427?
False
Is 4 a factor of 6804?
True
Is 152 a multiple of 10?
False
Does 62 divide 10230?
True
Is 37 a factor of 483?
False
Is 9617 a multiple of 18?
False
Is 8604 a multiple of 159?
False
Is 45 a factor of 5355?
True
Is 10 a factor of 1090?
True
Does 30 divide 977?
False
Does 31 divide 9434?
False
Is 28 a factor of 9611?
False
Is 72 a factor of 423?
False
Is 1690 a multiple of 26?
True
Is 1243 a multiple of 24?
False
Is 20 a factor of 1740?
True
Is 19 a factor of 31156?
False
Is 7 a factor of 4445?
True
Is 16 a factor of 53561?
False
Is 1533 a multiple of 73?
True
Is 33 a factor of 3561?
False
Is 59 a factor of 259?
False
Is 103 a factor of 12140?
False
Does 2 divide 195?
False
Is 520 a multiple of 8?
True
Is 21126 a multiple of 6?
True
Is 242 a multiple of 10?
False
Is 595 a multiple of 85?
True
Does 96 divide 7730?
False
Does 36 divide 16547?
False
Is 2 a factor of 130?
True
Does 89 divide 2325?
False
Is 3096 a multiple of 129?
True
Is 82 a factor of 9423?
False
Does 5 divide 185?
True
Is 48 a factor of 1096?
False
Is 27872 a multiple of 104?
True
Is 179 a factor of 2506?
True
Is 268 a multiple of 21?
False
Does 26 divide 42952?
True
Is 76 a factor of 13680?
True
Is 7547 a multiple of 31?
False
Does 173 divide 11418?
True
Is 64 a factor of 516?
False
Is 1530 a multiple of 34?
True
Does 96 divide 9408?
True
Is 9 a factor of 197?
False
Is 1899 a multiple of 33?
False
Is 61 a factor of 5735?
False
Is 57 a factor of 3990?
True
Is 2403 a multiple of 9?
True
Does 251 divide 64687?
False
Does 49 divide 343?
True
Is 1691 a multiple of 38?
False
Does 2 divide 9524?
True
Does 2 divide 432?
True
Is 45479 a multiple of 63?
False
Does 27 divide 12258?
True
Does 14 divide 138123?
False
Is 12 a factor of 94495?
False
Does 28 divide 174?
False
Does 10 divide 17260?
True
Is 3175 a multiple of 25?
True
Is 25 a factor of 11399?
False
Is 2805 a multiple of 55?
True
Is 128174 a multiple of 21?
False
Does 92 divide 14157?
False
Is 113 a factor of 12409?
False
Is 3435 a multiple of 77?
False
Does 51 divide 1428?
True
Is 1840 a multiple of 4?
True
Does 11 divide 4290?
True
Is 280 a multiple of 4?
True
Is 8 a factor of 16?
True
Is 1188 a multiple of 36?
True
Does 10 divide 105?
False
Is 15 a factor of 11025?
True
Does 42 divide 11087?
False
Is 15810 a multiple of 10?
True
Is 13 a factor of 342?
False
Does 86 divide 7409?
False
Is 737 a multiple of 11?
True
Is 4392 a multiple of 13?
False
Does 21 divide 3434?
False
Is 2509 a multiple of 13?
True
Is 46 a factor of 2218?
False
Does 21 divide 274?
False
Does 4 divide 9920?
True
Does 229 divide 36698?
False
Is 4 a factor of 1584?
True
Does 56 divide 847?
False
Is 6 a factor of 288?
True
Does 14 divide 2613?
False
Is 55 a factor of 26235?
True
Does 8 divide 47848?
True
Is 11148 a multiple of 77?
False
Does 88 divide 13505?
False
Does 11 divide 704?
True
Does 34 divide 184?
False
Does 44 divide 8756?
True
Is 1984 a multiple of 64?
True
Is 42 a factor of 15113?
False
Is 2680 a multiple of 10?
True
Is 12 a factor of 639?
False
Does 197 divide 17789?
False
Does 3 divide 76?
False
Is 18 a factor of 1248?
False
Is 6 a factor of 212?
False
Is 4387 a multiple of 20?
False
Is 1127 a multiple of 22?
False
Is 14 a factor of 40974?
False
Is 3674 a multiple of 22?
True
Does 83 divide 11099?
False
Is 2091 a multiple of 17?
True
Is 1163 a multiple of 29?
False
Is 93 a factor of 6678?
False
Is 17 a factor of 380?
False
Is 16 a factor of 83408?
True
Is 23 a factor of 15460?
False
Is 37 a factor of 6253?
True
Is 18909 a multiple of 191?
True
Is 1404 a multiple of 26?
True
Does 18 divide 167?
False
Is 15 a factor of 3195?
True
Is 1774 even?
True
Is 360 a multiple of 12?
True
Is 892 a multiple of 52?
False
Does 11 divide 268?
False
Is 1792 a multiple of 14?
True
Does 35 divide 56386?
False
Is 60 a factor of 19380?
True
Is 110 a factor of 60060?
True
Is 15 a factor of 375?
True
Is 80 a factor of 160?
True
Is 16523 a multiple of 13?
True
Is 16725 a multiple of 67?
False
Is 26775 a multiple of 85?
True
Is 91 a factor of 5551?
True
Is 579 a multiple of 13?
False
Is 1771 a multiple of 20?
False
Is 300 a multiple of 6?
True
Is 6 a factor of 1068?
True
Is 228 a multiple of 12?
True
Is 276 a factor of 23736?
True
Does 6 divide 3450?
True
Is 584 a multiple of 12?
False
Is 122 a factor of 5365?
False
Does 17 divide 374?
True
Does 12 divide 864?
True
Is 14 a factor of 8372?
True
Does 27 divide 6462?
False
Is 31088 a multiple of 195?
False
Is 12 a factor of 3761?
False
Does 2 divide 27?
False
Is 86 a multiple of 3?
False
Is 81 a factor of 1053?
True
Is 26 a factor of 29224?
True
Is 21 a factor of 1038?
False
Is 559 a multiple of 43?
True
Is 17 a factor of 6205?
True
Does 20 divide 40?
True
Is 2076 a multiple of 13?
False
Is 20 a factor of 9099?
False
Is 89 a factor of 3102?
False
Does 305 divide 96439?
False
Does 103 divide 59843?
True
Is 12272 a multiple of 59?
True
Is 34650 a multiple of 126?
True
Does 71 divide 14413?
True
Is 7722 a multiple of 6?
True
Is 1414 a multiple of 12?
False
Is 624 a multiple of 16?
True
Does 11 divide 55?
True
Is 209 a factor of 10310?
False
Is 7 a factor of 52322?
False
Is 40 a factor of 1160?
True
Is 3012 a multiple of 75?
False
Is 9 a factor of 6845?
False
Does 26 divide 1924?
True
Is 43 a factor of 1427?
False
Is 7 a factor of 1946?
True
Is 24185 a multiple of 8?
False
Is 11 a factor of 555?
False
Is 275 a multiple of 18?
False
Is 342 a multiple of 38?
True
Is 4300 a multiple of 100?
True
Does 23 divide 282?
False
Does 99 divide 40972?
False
Is 765 a multiple of 17?
True
Is 1276 a multiple of 74?
False
Does 2 divide 165?
False
Is 7959 a multiple of 3?
True
Does 41 divide 5478?
False
Is 4 a factor of 695?
False
Does 4 divide 106?
False
Is 31 a factor of 3782?
True
Is 302 a factor of 29250?
False
Is 903 a multiple of 21?
True
Is 175 a multiple of 25?
True
Is 81070 a multiple of 121?
True
Is 586 a multiple of 26?
False
Is 8 a factor of 44592?
True
Is 13725 a multiple of 183?
True
Is 8 a factor of 240?
True
Is 5 a factor of 8249?
False
Is 11 a factor of 1276?
True
Does 176 divide 1439?
False
Is 10128 a multiple of